{"id":1187,"date":"2018-08-30T13:29:21","date_gmt":"2018-08-30T16:29:21","guid":{"rendered":"https:\/\/ismenendezpidal-cba.infd.edu.ar\/sitio\/plan-de-estudio-4\/"},"modified":"2023-11-01T14:55:50","modified_gmt":"2023-11-01T17:55:50","slug":"plan-de-estudio-4","status":"publish","type":"page","link":"https:\/\/ismenendezpidal-cba.infd.edu.ar\/sitio\/plan-de-estudio-4\/","title":{"rendered":"Plan de Estudio"},"content":{"rendered":"<h3><span style=\"font-size: 10pt;\"><span style=\"color: #0000ff;\"><strong>Plan de Estudio de la Carrera del Profesorado de Educaci\u00f3n Primaria.<\/strong><\/span><\/span><\/h3>\n<p><span style=\"font-size: 10pt;\"><span style=\"color: #0000ff;\"><span style=\"color: #000000;\"><span style=\"font-size: 12pt;\"><img decoding=\"async\" loading=\"lazy\" class=\"alignnone size-medium wp-image-1519\" src=\"https:\/\/ismenendezpidal-cba.infd.edu.ar\/sitio\/wp-content\/uploads\/2023\/11\/carrera-Primaria-1000x706.jpg\" alt=\"\" width=\"1000\" height=\"706\" srcset=\"https:\/\/ismenendezpidal-cba.infd.edu.ar\/sitio\/wp-content\/uploads\/2023\/11\/carrera-Primaria-1000x706.jpg 1000w, https:\/\/ismenendezpidal-cba.infd.edu.ar\/sitio\/wp-content\/uploads\/2023\/11\/carrera-Primaria-768x542.jpg 768w, https:\/\/ismenendezpidal-cba.infd.edu.ar\/sitio\/wp-content\/uploads\/2023\/11\/carrera-Primaria.jpg 1280w\" sizes=\"(max-width: 1000px) 100vw, 1000px\" \/><\/span><\/span><\/span><\/span><\/p>\n<p style=\"text-align: center;\"><span style=\"font-size: 12pt;\"><span style=\"color: #0000ff;\"><strong>1\u00b0 A\u00f1o<\/strong><\/span><\/span><\/p>\n<p><span style=\"font-size: 10pt;\"><span style=\"color: #0000ff;\"><span style=\"color: #000000;\"><strong>Campo de la Formaci\u00f3n General<\/strong><\/span><\/span><\/span><\/p>\n<p><span style=\"font-size: 10pt;\"><span style=\"color: #0000ff;\"><span style=\"color: #000000;\">Pedagog\u00eda<\/span><\/span><\/span><\/p>\n<p><span style=\"font-size: 10pt;\"><span style=\"color: #0000ff;\"><span style=\"color: #000000;\">Problem\u00e1ticas Socioantropol\u00f3gicas en Educaci\u00f3n<\/span><\/span><\/span><\/p>\n<p><span style=\"font-size: 10pt;\"><span style=\"color: #0000ff;\"><span style=\"color: #000000;\">Psicolog\u00eda y Educaci\u00f3n<\/span><\/span><\/span><\/p>\n<p><span style=\"font-size: 10pt;\"><span style=\"color: #0000ff;\"><span style=\"color: #000000;\">Argentina en el Mundo Contemporaneo<\/span><\/span><\/span><\/p>\n<p><span style=\"font-size: 10pt;\"><span style=\"color: #0000ff;\"><span style=\"color: #000000;\">Lenguaje Digital y Audiovisual<\/span><\/span><\/span><\/p>\n<p><span style=\"font-size: 10pt;\"><span style=\"color: #0000ff;\"><span style=\"color: #000000;\">Lenguaje Corporal<\/span><\/span><\/span><\/p>\n<p><span style=\"font-size: 10pt;\"><span style=\"color: #0000ff;\"><span style=\"color: #000000;\"><strong>Campo de la Pr\u00e1ctica Docente<\/strong><\/span><\/span><\/span><\/p>\n<p><span style=\"font-size: 10pt;\"><span style=\"color: #0000ff;\"><span style=\"color: #000000;\">Pr\u00e1ctica Docente I: contextos y Pr\u00e1cticas Educativas<\/span><\/span><\/span><\/p>\n<p><span style=\"font-size: 10pt;\"><span style=\"color: #0000ff;\"><span style=\"color: #000000;\"><strong>Campo de la Formaci\u00f3n Espec\u00edfica<\/strong><\/span><\/span><\/span><\/p>\n<p><span style=\"font-size: 10pt;\"><span style=\"color: #0000ff;\"><span style=\"color: #000000;\">Desarrollo del Pensamiento Matem\u00e1tico<\/span><\/span><\/span><\/p>\n<p><span style=\"font-size: 10pt;\"><span style=\"color: #0000ff;\"><span style=\"color: #000000;\">Oralidad, Lectura y Escritura<\/span><\/span><\/span><\/p>\n<p style=\"text-align: center;\"><span style=\"font-size: 10pt;\"><span style=\"color: #0000ff;\"><span style=\"color: #000000;\"><span style=\"color: #0000ff;\"><strong><span style=\"font-size: 12pt;\">2\u00b0 A\u00d1O<\/span><\/strong><\/span><\/span><\/span><\/span><\/p>\n<p style=\"text-align: left;\"><span style=\"font-size: 10pt;\"><span style=\"color: #0000ff;\"><span style=\"color: #000000;\"><span style=\"color: #0000ff;\"><span style=\"font-size: 12pt;\"><strong><span style=\"font-size: 10pt; color: #000000;\">Campo de la Formaci\u00f3n General <\/span><\/strong><\/span><\/span><\/span><\/span><\/span><\/p>\n<p style=\"text-align: left;\"><span style=\"font-size: 10pt;\"><span style=\"color: #0000ff;\"><span style=\"color: #000000;\"><span style=\"color: #0000ff;\"><span style=\"font-size: 12pt;\"><span style=\"font-size: 10pt; color: #000000;\">Filosof\u00eda y Educaci\u00f3n<\/span><\/span><\/span><\/span><\/span><\/span><\/p>\n<p style=\"text-align: left;\"><span style=\"font-size: 10pt;\"><span style=\"color: #0000ff;\"><span style=\"color: #000000;\"><span style=\"color: #0000ff;\"><span style=\"font-size: 12pt;\"><span style=\"font-size: 10pt; color: #000000;\">Did\u00e1ctica General<\/span><\/span><\/span><\/span><\/span><\/span><\/p>\n<p style=\"text-align: left;\"><span style=\"font-size: 10pt;\"><span style=\"color: #0000ff;\"><span style=\"color: #000000;\"><span style=\"color: #0000ff;\"><span style=\"font-size: 12pt;\"><span style=\"font-size: 10pt; color: #000000;\">Lenguaje Art\u00edstico Expresivo<\/span><\/span><\/span><\/span><\/span><\/span><\/p>\n<p style=\"text-align: left;\"><span style=\"font-size: 10pt;\"><span style=\"color: #0000ff;\"><span style=\"color: #000000;\"><span style=\"color: #0000ff;\"><span style=\"font-size: 12pt;\"><span style=\"font-size: 10pt; color: #000000;\"><strong>Campo de la Pr\u00e1ctica Docente <\/strong><br \/>\n<\/span><\/span><\/span><\/span><\/span><\/span><\/p>\n<p><span style=\"font-size: 10pt;\"><span style=\"color: #0000ff;\"><span style=\"color: #000000;\">Pr\u00e1ctica Docente II: Escuelas, Historias Documentadas y Cotidianeidad. <\/span><\/span><\/span><\/p>\n<p><span style=\"font-size: 10pt;\"><span style=\"color: #0000ff;\"><span style=\"color: #000000;\"><strong>Campo de la Formaci\u00f3n Espec\u00edfica<\/strong><\/span><\/span><\/span><\/p>\n<p><span style=\"font-size: 10pt;\"><span style=\"color: #0000ff;\"><span style=\"color: #000000;\">Matem\u00e1tica y su Did\u00e1ctica I<\/span><\/span><\/span><\/p>\n<p><span style=\"font-size: 10pt;\"><span style=\"color: #0000ff;\"><span style=\"color: #000000;\">Lengua y su Did\u00e1ctica I<\/span><\/span><\/span><\/p>\n<p><span style=\"font-size: 10pt;\"><span style=\"color: #0000ff;\"><span style=\"color: #000000;\">Ciencias Naturales y su Did\u00e1ctica I<\/span><\/span><\/span><\/p>\n<p><span style=\"font-size: 10pt;\"><span style=\"color: #0000ff;\"><span style=\"color: #000000;\">Ciencias Sociales y su Did\u00e1ctica I<\/span><\/span><\/span><\/p>\n<p><span style=\"font-size: 10pt;\"><span style=\"color: #0000ff;\"><span style=\"color: #000000;\">Sujetos de la Educaci\u00f3n y Convivencia Escolar<\/span><\/span><\/span><\/p>\n<p style=\"text-align: center;\"><span style=\"font-size: 10pt;\"><span style=\"color: #0000ff;\"><span style=\"color: #000000;\"><span style=\"color: #0000ff;\"><span style=\"font-size: 12pt;\"><strong>3\u00b0 A\u00d1O<\/strong><\/span><\/span><\/span><\/span><\/span><\/p>\n<p style=\"text-align: left;\"><span style=\"font-size: 10pt;\"><span style=\"color: #0000ff;\"><span style=\"color: #000000;\"><span style=\"color: #0000ff;\"><span style=\"font-size: 12pt;\"><span style=\"color: #000000;\"><strong><span style=\"font-size: 10pt;\">Campo de la Formaci\u00f3n General<\/span><\/strong><\/span><\/span><\/span><\/span><\/span><\/span><\/p>\n<p style=\"text-align: left;\"><span style=\"font-size: 10pt;\"><span style=\"color: #0000ff;\"><span style=\"color: #000000;\"><span style=\"color: #0000ff;\"><span style=\"font-size: 12pt;\"><span style=\"color: #000000;\"><span style=\"font-size: 10pt;\">Historia y Pol\u00edtica de la Educaci\u00f3n Argentina<\/span><\/span><\/span><\/span><\/span><\/span><\/span><\/p>\n<p style=\"text-align: left;\"><strong><span style=\"font-size: 10pt;\"><span style=\"color: #0000ff;\"><span style=\"color: #000000;\"><span style=\"color: #0000ff;\"><span style=\"font-size: 12pt;\"><span style=\"color: #000000;\"><span style=\"font-size: 10pt;\">Campo de la Pr\u00e1ctica Docente<\/span><\/span><\/span><\/span><\/span><\/span><\/span><\/strong><\/p>\n<p><span style=\"font-size: 10pt;\"><span style=\"color: #0000ff;\"><span style=\"color: #000000;\"><span style=\"color: #0000ff;\"><span style=\"font-size: 12pt;\"><span style=\"color: #000000;\"><span style=\"font-size: 10pt;\">Pr\u00e1ctica Docente III: El aula, Espacio del Aprender y del Ense\u00f1ar.<\/span><\/span><\/span><\/span><\/span><\/span><\/span><\/p>\n<p><span style=\"font-size: 10pt;\"><span style=\"color: #0000ff;\"><span style=\"color: #000000;\"><span style=\"color: #0000ff;\"><span style=\"font-size: 12pt;\"><span style=\"color: #000000;\"><span style=\"font-size: 10pt;\"><strong>Campo de la Formaci\u00f3n Espec\u00edfica <\/strong><\/span><\/span><\/span><\/span><\/span><\/span><\/span><\/p>\n<p><span style=\"font-size: 10pt;\"><span style=\"color: #0000ff;\"><span style=\"color: #000000;\"><span style=\"color: #0000ff;\"><span style=\"font-size: 12pt;\"><span style=\"color: #000000;\"><span style=\"font-size: 10pt;\">Matem\u00e1tica y su Did\u00e1ctica II<\/span><\/span><\/span><\/span><\/span><\/span><\/span><\/p>\n<p><span style=\"font-size: 10pt;\"><span style=\"color: #0000ff;\"><span style=\"color: #000000;\"><span style=\"color: #0000ff;\"><span style=\"font-size: 12pt;\"><span style=\"color: #000000;\"><span style=\"font-size: 10pt;\">Literatura en el Nivel Primario<\/span><\/span><\/span><\/span><\/span><\/span><\/span><\/p>\n<p><span style=\"font-size: 10pt;\"><span style=\"color: #0000ff;\"><span style=\"color: #000000;\"><span style=\"color: #0000ff;\"><span style=\"font-size: 12pt;\"><span style=\"color: #000000;\"><span style=\"font-size: 10pt;\">Alfabetizaci\u00f3n Inicial<\/span><\/span><\/span><\/span><\/span><\/span><\/span><\/p>\n<p><span style=\"font-size: 10pt;\"><span style=\"color: #0000ff;\"><span style=\"color: #000000;\"><span style=\"color: #0000ff;\"><span style=\"font-size: 12pt;\"><span style=\"color: #000000;\"><span style=\"font-size: 10pt;\">Ciencias Naturales y su Did\u00e1ctica II<\/span><\/span><\/span><\/span><\/span><\/span><\/span><\/p>\n<p><span style=\"font-size: 10pt;\"><span style=\"color: #0000ff;\"><span style=\"color: #000000;\"><span style=\"color: #0000ff;\"><span style=\"font-size: 12pt;\"><span style=\"color: #000000;\"><span style=\"font-size: 10pt;\">Taller de Ciencias en la Escuela (Seminario abordado en forma conjunta por los docentes de Ciencias Sociales y Naturales)<\/span><\/span><\/span><\/span><\/span><\/span><\/span><\/p>\n<p><span style=\"font-size: 10pt;\"><span style=\"color: #0000ff;\"><span style=\"color: #000000;\"><span style=\"color: #0000ff;\"><span style=\"font-size: 12pt;\"><span style=\"color: #000000;\"><span style=\"font-size: 10pt;\">Ciencias Sociales y su Did\u00e1ctica II<\/span><\/span><\/span><\/span><\/span><\/span><\/span><\/p>\n<p><span style=\"font-size: 10pt;\"><span style=\"color: #0000ff;\"><span style=\"color: #000000;\"><span style=\"color: #0000ff;\"><span style=\"font-size: 12pt;\"><span style=\"color: #000000;\"><span style=\"font-size: 10pt;\">Educaci\u00f3n Art\u00edstica Expresiva<\/span><\/span><\/span><\/span><\/span><\/span><\/span><\/p>\n<p><span style=\"font-size: 10pt;\"><span style=\"color: #0000ff;\"><span style=\"color: #000000;\"><span style=\"color: #0000ff;\"><span style=\"font-size: 12pt;\"><span style=\"color: #000000;\"><span style=\"font-size: 10pt;\">TIC y la Ense\u00f1anza en el Nivel Primario<\/span><\/span><\/span><\/span><\/span><\/span><\/span><\/p>\n<p style=\"text-align: center;\"><span style=\"font-size: 10pt;\"><span style=\"color: #0000ff;\"><span style=\"color: #000000;\"><span style=\"color: #0000ff;\"><span style=\"font-size: 12pt;\"><span style=\"color: #000000;\"><span style=\"font-size: 10pt;\"><span style=\"color: #0000ff;\"><strong><span style=\"font-size: 12pt;\">4\u00b0 A\u00f1o<\/span><\/strong><\/span><\/span><\/span><\/span><\/span><\/span><\/span><\/span><\/p>\n<p style=\"text-align: left;\"><span style=\"font-size: 10pt;\"><span style=\"color: #0000ff;\"><span style=\"color: #000000;\"><span style=\"color: #0000ff;\"><span style=\"font-size: 12pt;\"><span style=\"color: #000000;\"><span style=\"font-size: 10pt;\"><span style=\"color: #0000ff;\"><span style=\"font-size: 12pt;\"><strong><span style=\"font-size: 10pt; color: #000000;\">Campo de la Formaci\u00f3n General <\/span><\/strong><br \/>\n<\/span><\/span><\/span><\/span><\/span><\/span><\/span><\/span><\/span><\/p>\n<p style=\"text-align: left;\"><span style=\"font-size: 10pt;\"><span style=\"color: #0000ff;\"><span style=\"color: #000000;\"><span style=\"color: #0000ff;\"><span style=\"font-size: 12pt;\"><span style=\"color: #000000;\"><span style=\"font-size: 10pt;\">\u00c9tica y Construcci\u00f3n de Ciudadan\u00eda<\/span><\/span><\/span><\/span><\/span><\/span><\/span><\/p>\n<p style=\"text-align: left;\"><span style=\"font-size: 10pt;\"><span style=\"color: #0000ff;\"><span style=\"color: #000000;\"><span style=\"color: #0000ff;\"><span style=\"font-size: 12pt;\"><span style=\"color: #000000;\"><span style=\"font-size: 10pt;\"><strong>Campo de la Pr\u00e1ctica Docente<\/strong><\/span><\/span><\/span><\/span><\/span><\/span><\/span><\/p>\n<p style=\"text-align: left;\"><span style=\"font-size: 10pt;\"><span style=\"color: #0000ff;\"><span style=\"color: #000000;\"><span style=\"color: #0000ff;\"><span style=\"font-size: 12pt;\"><span style=\"color: #000000;\"><span style=\"font-size: 10pt;\">Pr\u00e1ctica Docente IV y Residencia: Recrear las Pr\u00e1cticas Docentes<\/span><\/span><\/span><\/span><\/span><\/span><\/span><\/p>\n<p style=\"text-align: left;\"><strong><span style=\"font-size: 10pt;\"><span style=\"color: #0000ff;\"><span style=\"color: #000000;\"><span style=\"color: #0000ff;\"><span style=\"font-size: 12pt;\"><span style=\"color: #000000;\"><span style=\"font-size: 10pt;\">Campo de la Formaci\u00f3n Espec\u00edfica<\/span><\/span><\/span><\/span><\/span><\/span><\/span><\/strong><\/p>\n<p style=\"text-align: left;\"><span style=\"font-size: 10pt;\"><span style=\"color: #0000ff;\"><span style=\"color: #000000;\"><span style=\"color: #0000ff;\"><span style=\"font-size: 12pt;\"><span style=\"color: #000000;\"><span style=\"font-size: 10pt;\">Problem\u00e1ticas y Desaf\u00edos del Nivel Primario<\/span><\/span><\/span><\/span><\/span><\/span><\/span><\/p>\n<p style=\"text-align: left;\"><span style=\"font-size: 10pt;\"><span style=\"color: #0000ff;\"><span style=\"color: #000000;\"><span style=\"color: #0000ff;\"><span style=\"font-size: 12pt;\"><span style=\"color: #000000;\"><span style=\"font-size: 10pt;\">Educaci\u00f3n F\u00edsica en el Nivel Primario<\/span><\/span><\/span><\/span><\/span><\/span><\/span><\/p>\n<p style=\"text-align: left;\"><span style=\"font-size: 10pt;\"><span style=\"color: #0000ff;\"><span style=\"color: #000000;\"><span style=\"color: #0000ff;\"><span style=\"font-size: 12pt;\"><span style=\"color: #000000;\"><span style=\"font-size: 10pt;\">Educaci\u00f3n Sexual Integral. <\/span><\/span><\/span><\/span><\/span><\/span><\/span><\/p>\n<p style=\"text-align: left;\">\n","protected":false},"excerpt":{"rendered":"<p>Plan de Estudio de la Carrera del Profesorado de Educaci\u00f3n Primaria. 1\u00b0 A\u00f1o Campo de la Formaci\u00f3n General Pedagog\u00eda Problem\u00e1ticas Socioantropol\u00f3gicas en Educaci\u00f3n Psicolog\u00eda y Educaci\u00f3n Argentina en el Mundo Contemporaneo Lenguaje Digital y Audiovisual Lenguaje Corporal Campo de la Pr\u00e1ctica Docente Pr\u00e1ctica Docente I: contextos y Pr\u00e1cticas Educativas Campo de la Formaci\u00f3n Espec\u00edfica Desarrollo &#8230; <a title=\"Plan de Estudio\" class=\"read-more\" href=\"https:\/\/ismenendezpidal-cba.infd.edu.ar\/sitio\/plan-de-estudio-4\/\" aria-label=\"More on Plan de Estudio\">[+]<\/a><\/p>\n","protected":false},"author":1309,"featured_media":0,"parent":0,"menu_order":0,"comment_status":"closed","ping_status":"closed","template":"","meta":[],"acf":[],"_links":{"self":[{"href":"https:\/\/ismenendezpidal-cba.infd.edu.ar\/sitio\/wp-json\/wp\/v2\/pages\/1187"}],"collection":[{"href":"https:\/\/ismenendezpidal-cba.infd.edu.ar\/sitio\/wp-json\/wp\/v2\/pages"}],"about":[{"href":"https:\/\/ismenendezpidal-cba.infd.edu.ar\/sitio\/wp-json\/wp\/v2\/types\/page"}],"author":[{"embeddable":true,"href":"https:\/\/ismenendezpidal-cba.infd.edu.ar\/sitio\/wp-json\/wp\/v2\/users\/1309"}],"replies":[{"embeddable":true,"href":"https:\/\/ismenendezpidal-cba.infd.edu.ar\/sitio\/wp-json\/wp\/v2\/comments?post=1187"}],"version-history":[{"count":2,"href":"https:\/\/ismenendezpidal-cba.infd.edu.ar\/sitio\/wp-json\/wp\/v2\/pages\/1187\/revisions"}],"predecessor-version":[{"id":1524,"href":"https:\/\/ismenendezpidal-cba.infd.edu.ar\/sitio\/wp-json\/wp\/v2\/pages\/1187\/revisions\/1524"}],"wp:attachment":[{"href":"https:\/\/ismenendezpidal-cba.infd.edu.ar\/sitio\/wp-json\/wp\/v2\/media?parent=1187"}],"curies":[{"name":"wp","href":"https:\/\/api.w.org\/{rel}","templated":true}]}}