{"id":1190,"date":"2018-08-30T13:29:22","date_gmt":"2018-08-30T16:29:22","guid":{"rendered":"https:\/\/ismenendezpidal-cba.infd.edu.ar\/sitio\/actividades\/"},"modified":"2025-02-25T10:20:47","modified_gmt":"2025-02-25T13:20:47","slug":"actividades","status":"publish","type":"page","link":"https:\/\/ismenendezpidal-cba.infd.edu.ar\/sitio\/actividades\/","title":{"rendered":"Pre-matriculaci\u00f3n  2025"},"content":{"rendered":"\n<h3 class=\"wp-block-heading\">Se encuentra abierto e<strong><em>l per\u00edodo de Preinscripci\u00f3n a las Carreras para el Ciclo Lectivo 2025 .<\/em><\/strong><\/h3>\n\n\n\n<p>Se realizar\u00e1 a trav\u00e9s del Sistema Gesti\u00f3n de Estudiantes:<\/p>\n\n\n\n<p>El 15 de noviembre abren las preinscripciones 2025 a las carreras de Profesorado de Educaci\u00f3n Primaria y Profesorado de Educaci\u00f3n Secundaria en Psicologia<\/p>\n\n\n\n<p>Antes de pre inscribirte te recomendamos mirar el instructivo: <a href=\"https:\/\/l.facebook.com\/l.php?u=https%3A%2F%2Facortar.link%2F59k4RC%3Ffbclid%3DIwZXh0bgNhZW0CMTAAAR12LUx99Kms77JWOjaV8-bXZzwKtufi_uZpzE8N0HnBQetg6faTUFGvLZY_aem_mbSseeFNTD-EOxkBPxPQSQ&amp;h=AT3WEOLxMfb7bOG87Is5RaOrUFaib080Tx3WKoSxiQ3DCDBOWtReS5oEsnQBSSxgcPRtpF7jkUMOetWhb5RoKr97dDF_UxTFJe55MWOZBquarQeXeF_D7k0JAnkSOwRh3HoV&amp;__tn__=-UK-R&amp;c[0]=AT16JD_VNQhpr49QVnLy3w71n-t2uiDcn9GH-6BYSJDemGwNJkpJW1aP8oIvKeUcAfP3ShSKR2DlMs7p4NZfWL_8EEGKuEUSGRnLoZwwAFNLGQNUFqKCIvEhCJ5_-DGV5x9Jj_RZqiZZ5xe9BIHyRFnATVxsivWr_JbIbzkpYtVv51FkNT_XG6Zeb-RAAzg2vg\" rel=\"noreferrer noopener\" target=\"_blank\">https:\/\/acortar.link\/59k4RC<\/a><\/p>\n\n\n\n<p>Para Pre-inscribite ingresando a: <a href=\"https:\/\/acortar.link\/jsiG31?fbclid=IwZXh0bgNhZW0CMTAAAR0nVryi-yw9CPxrjwOYgnsaJZ6tZoa7AqiHSOJID7oPL3oWp5s6u5Kx7Ms_aem_lZb0IyWPabkfOzMMW1pZ6g\" rel=\"noreferrer noopener\" target=\"_blank\">https:\/\/acortar.link\/jsiG31<\/a><\/p>\n\n\n\n<p>Cualquier duda comunicate con el Instituto por WhatsApp<\/p>\n\n\n\n<p>Antes de pre-matricularte debes tener en cuenta:<\/p>\n\n\n\n<p>Tener CIDI (ciudadano digital de la provincia de C\u00f3rdoba) para ingresar a la p\u00e1gina de gobierno.<\/p>\n\n\n\n<p>Cuando finalices el proceso de pre-matriculaci\u00f3n debes confirmar tu matr\u00edcula dentro de las 72 hs de haberte pre-matriculado, enviando la siguiente documentaci\u00f3n digitalizada (formato .PDF o .JPG, un archivo por cada \u00edtem) al mail&nbsp; (REQUISITO EXCLUYENTE) segun corresponda:<\/p>\n\n\n\n<ul>\n<li>Para el Profesorado de Educaci\u00f3n Primaria enviar mail a: profesoradoprimariamenendez@gmail.com<\/li>\n\n\n\n<li>Para el Profesorado de Educaci\u00f3n Secundaria en Psicolog\u00eda enviar mail a: coordinacion.psicologia2020@gmail.com<\/li>\n<\/ul>\n\n\n\n<p>\u2022 Captura de pantalla o comprobante de la pre-matriculaci\u00f3n realizada en el Sistema Gesti\u00f3n de Estudiantes.<\/p>\n\n\n\n<p>\u2022 Certificado Anal\u00edtico de Nivel Secundario o constancia de estudios en tr\u00e1mite.<\/p>\n\n\n\n<p>\u2022 D.N.I.<\/p>\n\n\n\n<p>\u2022 Partida de Nacimiento.<\/p>\n\n\n\n<p><a href=\"_wp_link_placeholder\" data-wplink-edit=\"true\">CUS (Certificado \u00danico de Salud) con fecha a\u00f1o 2024<\/a>.<\/p>\n\n\n\n<p><a href=\"https:\/\/ismenendezpidal-cba.infd.edu.ar\/sitio\/wp-content\/uploads\/2023\/11\/ISA-DDJJ.pdf\">ISA-DDJJ<\/a><\/p>\n\n\n\n<p><strong>Para Mayores de 25 a\u00f1os<\/strong> que no han terminado el secundario podr\u00e1n ingresar en el marco de lo establecido por la normativa vigente (Resol 25\/02 y 128\/02), que se encuentra en la p\u00e1gina institucional para su lectura;<\/p>\n\n\n\n<p>\u2022 Certificado de primaria terminada<\/p>\n\n\n\n<p>ATENCI\u00d3N: <a href=\"https:\/\/ismenendezpidal-cba.infd.edu.ar\/sitio\/wp-content\/uploads\/2023\/11\/Ficha-de-Inscripcion-ISRMP.pdf\">Ficha de Inscripci\u00f3nISRMP<\/a> &nbsp;&nbsp; &nbsp;&nbsp; &nbsp;<a href=\"https:\/\/ismenendezpidal-cba.infd.edu.ar\/sitio\/wp-content\/uploads\/2023\/11\/ISA-DDJJ.pdf\">ISA-DDJJ<\/a>&nbsp; &nbsp;,&nbsp; &nbsp; &nbsp;<a href=\"https:\/\/ismenendezpidal-cba.infd.edu.ar\/sitio\/wp-content\/uploads\/2023\/11\/Certificado-Unico-de-Salud-CUS.pdf\">Certificado-\u00danico-de-Salud-CUS&nbsp; <\/a>&nbsp;Y todo el resto de la&nbsp; documentaci\u00f3n (original y fotocopias) deber\u00e1n presentarla en formato papel cuando se lo solicitemos en el 2024 junto con 2&nbsp;fotos carnet<\/p>\n","protected":false},"excerpt":{"rendered":"<p>Se encuentra abierto el per\u00edodo de Preinscripci\u00f3n a las Carreras para el Ciclo Lectivo 2025 . Se realizar\u00e1 a trav\u00e9s del Sistema Gesti\u00f3n de Estudiantes: El 15 de noviembre abren las preinscripciones 2025 a las carreras de Profesorado de Educaci\u00f3n Primaria y Profesorado de Educaci\u00f3n Secundaria en Psicologia Antes de pre inscribirte te recomendamos mirar &#8230; <a title=\"Pre-matriculaci\u00f3n  2025\" class=\"read-more\" href=\"https:\/\/ismenendezpidal-cba.infd.edu.ar\/sitio\/actividades\/\" aria-label=\"More on Pre-matriculaci\u00f3n  2025\">[+]<\/a><\/p>\n","protected":false},"author":1309,"featured_media":1529,"parent":0,"menu_order":0,"comment_status":"closed","ping_status":"closed","template":"","meta":[],"acf":[],"_links":{"self":[{"href":"https:\/\/ismenendezpidal-cba.infd.edu.ar\/sitio\/wp-json\/wp\/v2\/pages\/1190"}],"collection":[{"href":"https:\/\/ismenendezpidal-cba.infd.edu.ar\/sitio\/wp-json\/wp\/v2\/pages"}],"about":[{"href":"https:\/\/ismenendezpidal-cba.infd.edu.ar\/sitio\/wp-json\/wp\/v2\/types\/page"}],"author":[{"embeddable":true,"href":"https:\/\/ismenendezpidal-cba.infd.edu.ar\/sitio\/wp-json\/wp\/v2\/users\/1309"}],"replies":[{"embeddable":true,"href":"https:\/\/ismenendezpidal-cba.infd.edu.ar\/sitio\/wp-json\/wp\/v2\/comments?post=1190"}],"version-history":[{"count":14,"href":"https:\/\/ismenendezpidal-cba.infd.edu.ar\/sitio\/wp-json\/wp\/v2\/pages\/1190\/revisions"}],"predecessor-version":[{"id":1544,"href":"https:\/\/ismenendezpidal-cba.infd.edu.ar\/sitio\/wp-json\/wp\/v2\/pages\/1190\/revisions\/1544"}],"wp:featuredmedia":[{"embeddable":true,"href":"https:\/\/ismenendezpidal-cba.infd.edu.ar\/sitio\/wp-json\/wp\/v2\/media\/1529"}],"wp:attachment":[{"href":"https:\/\/ismenendezpidal-cba.infd.edu.ar\/sitio\/wp-json\/wp\/v2\/media?parent=1190"}],"curies":[{"name":"wp","href":"https:\/\/api.w.org\/{rel}","templated":true}]}}